 of n and 84.
12
Suppose 3*o = 2*f + 16, 16 + 28 = 5*o + f. What is the greatest common divisor of 72 and o?
8
Suppose 25 = 3*z - v, -4*v - 30 = -z - 7. Suppose 3*l - z = -0*l - f, 0 = -l - f - 1. Suppose l*p - 25 = 27. Calculate the highest common divisor of p and 39.
13
Suppose -5*r + 125 = -0*r. Suppose -4*y + 24*h = 26*h - 304, -4*h = 4*y - 308. Calculate the highest common factor of r and y.
25
Let b = 0 + 1. Let g = 21 + b. Let r = g + -10. Calculate the highest common divisor of 36 and r.
12
Let j(z) = -z + 1. Let f be j(-3). Suppose f*s - 8*s + 56 = 0. Suppose -5*b - 2*h + 3*h = -555, 4*h = 3*b - 316. What is the greatest common divisor of b and s?
14
Suppose 0 = 4*n + 2*f - 16, 0 = 5*n + 4*f - 9 - 8. Let l = 6 + -7. Let r = l + 6. Calculate the greatest common divisor of r and n.
5
Let o = 13 + -5. What is the highest common divisor of 24 and o?
8
Let x = 174 + -157. Calculate the highest common factor of 136 and x.
17
Suppose 2*d = d. Let j be 1 + d + (1 - 0). Suppose j*s = -8 + 36. Calculate the greatest common divisor of s and 2.
2
Let x be (-9)/(-6)*1660/3. Suppose -4*u + r = -834, 4*u - r + 2*r - x = 0. Calculate the highest common factor of u and 26.
26
Suppose 76 = -2*f + 102. Calculate the greatest common factor of 104 and f.
13
Let f be 2 + (-2 - 4) + 2. Let t be (-1)/f*0 + 54. Let g = -12 - -18. Calculate the greatest common factor of g and t.
6
Let w = 101 - 87. Calculate the highest common divisor of w and 21.
7
Suppose 8*m + 4*k - 207 = 3*m, 87 = 2*m + 3*k. Calculate the highest common factor of 13 and m.
13
Suppose -5*q + 122 = -3*m, -2*q + 31 = -4*m - 15. Let r = -1 + 11. What is the greatest common factor of r and q?
5
Suppose n = -5*t + 112, -84 = -3*t + 7*n - 2*n. Calculate the highest common factor of t and 161.
23
Suppose -3 = p, -5*x - 3*p + 344 = 28. What is the greatest common factor of 13 and x?
13
Suppose 3*q = q - 96. Let t be (-1)/(-3) - (-1095)/(-45). Let o = t - q. Calculate the highest common factor of o and 16.
8
Suppose 12 = -0*a + a. Let l be 1/((-3 + 2)/2). Let w be (0 - -1) + 129 - l. What is the highest common factor of a and w?
12
Let c = 19 - -7. Calculate the highest common divisor of 104 and c.
26
Let k = -15 - -40. Calculate the greatest common factor of k and 50.
25
Suppose 5*z - 385 = -6*z. Calculate the greatest common factor of 10 and z.
5
Suppose -l + 0*l = 5*d + 5, -4*l - 2*d = -16. Suppose v - 5*t - 74 = -2*v, 0 = -4*v - l*t + 52. Calculate the greatest common divisor of 36 and v.
18
Let b = 33 + -20. Calculate the highest common factor of b and 1.
1
Suppose -3*u + 54 = 5*b, 4*b - 40 = -4*u - 0*u. What is the greatest common divisor of b and 4?
4
Suppose 0 = -6*q - 2*q + 192. Calculate the greatest common factor of 8 and q.
8
Suppose -3*t = -2*o + 24, 3*t = -3*o - 2*t - 2. Suppose 6 = -2*g - 4*w, 3*w + 0 - o = -3*g. What is the highest common divisor of 7 and g?
7
Let s = 7 + -3. Suppose 2 + 1 = -v + 5*q, s*v - 13 = -5*q. What is the highest common factor of v and 14?
2
Suppose -h + 4*b = -12 + 4, 89 = 4*h + 3*b. Suppose 2*z = 3*v + 431, -z - v + 3*v = -214. Calculate the highest common divisor of h and z.
20
Let k(n) = 36*n**2 - 2*n + 2. Let h be k(1). What is the greatest common factor of 90 and h?
18
Let q = 2 + 3. Suppose -7 + 42 = q*i. What is the highest common factor of 49 and i?
7
Suppose -3*b + 64 = 5*b. What is the greatest common factor of b and 20?
4
Let n be -4*1/(-2) + 33. Let r be 52/(-5)*n/(-14). Calculate the highest common factor of 65 and r.
13
Let q be (8 + 8)*(-2)/(-4). What is the highest common factor of q and 8?
8
Suppose 0*d - 75 = -3*d. What is the greatest common factor of 200 and d?
25
Suppose 2*t + 12 = 30. Let g be 3*(-67)/(-3) - 4. Suppose k - g = 18. Calculate the highest common divisor of t and k.
9
Let u = -5 - 0. Let i = u - -13. Calculate the highest common factor of i and 64.
8
Let w(q) = q**3 + 6*q**2 - q - 11. Let j be w(-5). Suppose 0 = 2*t + 3*t - 135. Let u = t - j. Calculate the highest common factor of u and 48.
8
Let s(m) = m**3 - 5*m**2 + 3. Let c be s(5). Suppose -3*x + 3*v = -24, c*v + 15 = -0*v. Let w = 9 + -8. What is the greatest common factor of x and w?
1
Let k(x) = -x**3 + 11*x**2 - 7*x - 4. Let j be k(10). What is the greatest common divisor of 39 and j?
13
Suppose 2*r - 4*r + 40 = 0. Calculate the highest common divisor of r and 40.
20
Let a(w) = -w**2 - 6*w - 3. Let y be a(-5). What is the greatest common factor of y and 1?
1
Let i = -4 + 13. Calculate the highest common divisor of 9 and i.
9
Let w(r) = -24*r - 20. Let l be w(-9). Suppose 4*d = 5*o - 143, 5*o - l = d - 44. Calculate the highest common factor of o and 217.
31
Suppose 2*l - l + 478 = 5*p, -p = 4*l - 83. What is the greatest common factor of 38 and p?
19
Let c = -9 + 150. Let w = c + -89. Let o be 16 + (-3)/(-3)*-3. What is the highest common factor of w and o?
13
Suppose 2*p + 2*c - 126 = 0, 0*c - 3*c + 305 = 5*p. Calculate the highest common divisor of 87 and p.
29
Let j(f) = 13*f + 26. Let p(u) = 4*u + 9. Let n(d) = 2*j(d) - 7*p(d). Let b be n(-13). Calculate the greatest common divisor of b and 15.
15
Let o be (3/6 + -2)*-18. Let x(t) = t**3 + t + 9. Let q be x(0). Calculate the greatest common factor of o and q.
9
Let s(a) = 5*a - 2. Let w be s(1). Suppose w*l + 5*i - 20 = 0, -3*l + 5*i = 18 - 88. Calculate the greatest common factor of 15 and l.
15
Suppose -3*d - 3*u = -5*d + 59, 4*d - 113 = 5*u. What is the greatest common factor of d and 2?
2
Suppose 2*f = 20 + 2. What is the greatest common divisor of f and 11?
11
Let d(s) = s**2 + 3. Let k be d(-5). Suppose 5*g = -2*f + 126, g + 0*f - k = f. Calculate the greatest common divisor of g and 13.
13
Suppose i - 8 = -5*y, 2*y + 0*y = -5*i + 86. What is the greatest common factor of 162 and i?
18
Let q be 5*((-32)/(-20))/4. Suppose -z = 4*j - 111, 3*z = 2*j + q*j - 131. What is the highest common divisor of 261 and j?
29
Suppose 5*a = -10, 4*f + 5*a - 102 = 2*f. What is the highest common factor of f and 24?
8
Let c(u) = 28*u**2 - u + 2. Let l be c(2). Let d = 37 + -15. Let a = 36 - d. What is the greatest common factor of l and a?
14
Let w(p) = 4*p + 23. Let x be w(-5). What is the greatest common divisor of 9 and x?
3
Let s be 3/12 + 27/4. Let r = 73 + -66. What is the greatest common factor of s and r?
7
Let n be (4 - -31) + 9/(-3). What is the greatest common divisor of 4 and n?
4
Let s(z) = -2 - 9*z**2 + 7*z + z**2 + 8 + 2 - 2*z**3. Let m be s(-6). Calculate the greatest common divisor of 10 and m.
10
Suppose 0 = -r + 3 + 4. Let z = 0 - -5. Suppose -2*b = -w - 4*w + 33, 5*w = z*b + 30. What is the greatest common factor of r and w?
7
Let i be (28/4)/((-2)/(-8)). Calculate the greatest common factor of 4 and i.
4
Let k = -12 + 6. Let r(g) = -g - 12. Let h be r(k). Let x be (-18)/(-15)*(-40)/h. Calculate the greatest common factor of 32 and x.
8
Suppose 7*r - 3*r - 20 = 0. Let f(w) = 52*w - 7. Let s be f(r). Calculate the greatest common factor of s and 23.
23
Let h be (-8)/((-8)/(2 - -2)). Suppose 3*m = h*n - 63, 13 + 14 = 2*n + 3*m. What is the greatest common factor of n and 105?
15
Let p = -17 - -41. Let a be (4/6)/(1/(-6)). Let w be a*(-1)/(4/3). What is the highest common factor of w and p?
3
Let k(a) = 2*a**2 + 31*a. Let n be k(-16). Calculate the greatest common divisor of 56 and n.
8
Let k be -60*((-8)/16)/(3/8). What is the highest common divisor of k and 20?
20
Suppose 3*i - 133 - 183 = -4*v, -3*i + 322 = v. Calculate the greatest common factor of 12 and i.
12
Suppose -a = 6 - 23. Let g be 2/6 - 15/(-9). Let i = a - g. What is the greatest common divisor of 5 and i?
5
Let j(t) = t**3 + 8*t**2 - 10*t + 15. Let b be j(-9). What is the greatest common divisor of b and 48?
24
Let m(a) = a**3 + a**2 - 3*a + 2. Let q be m(4). What is the highest common factor of q and 35?
35
Let s(y) = y**2 - 14*y + 6. Suppose -49 = -0*t - 3*t + 4*q, 3*q + 63 = 4*t. Let n be s(t). Calculate the greatest common divisor of n and 14.
7
Let n(k) = -5*k - 12. Let y be n(-5). What is the greatest common factor of y and 65?
13
Let s be (5 + -14)*6/(-27). Let u be (-1 + 3)/s*4. Calculate the greatest common factor of u and 28.
4
Let i(z) be the first derivative of -2*z**3/3 + 2*z**2 - 5*z + 2. Let y be i(4). Let w = -12 - y. C